, 0*b - 2*p - 180 = -5*b. What is the tens digit of b?
3
Let i(f) = -3*f**3 - 8*f**2 - 5*f - 9. Let t be i(-5). Let o = -119 + t. What is the tens digit of o?
7
Let t = 622 - 497. What is the tens digit of t?
2
Suppose 0*f = 5*f. Suppose f = k + 2*p - 7*p - 9, 3*k = p + 13. What is the units digit of k + (17 - 0) - -1?
2
Let w be 2/5*30*1. What is the units digit of (-198)/w*(-2 - 0)?
3
What is the hundreds digit of (-2771)/(-2) + 42/(-28)?
3
Let c = -1011 + 1507. What is the tens digit of c?
9
Suppose 4*q + 2*q = 24. Let o(t) = -t**3 + 6*t**2 - 3*t - 4. What is the units digit of o(q)?
6
Let d(c) = -c**3 + 13*c**2 - 2*c - 14. Let q(g) = g**3 - 14*g**2 + 2*g + 13. Let x(p) = -6*d(p) - 5*q(p). What is the units digit of x(8)?
5
What is the units digit of (2552/(-32) - -4)*-4?
3
Suppose l - 116 = 5*l. Let n = l - 31. Let i = 88 + n. What is the tens digit of i?
2
Let q(d) = -2*d**2 + 14*d + 4. Let n be q(7). Suppose -n*z + 36 = y + y, -2*z = -3*y - 18. What is the units digit of z?
9
Let d be -95 + 1*(-1 - -3). Let y = -29 - d. Suppose r = 5*x - 31, -21 = 5*x + 2*r - y. What is the units digit of x?
7
Let q(p) be the second derivative of -22*p**3/3 - p**2 + 8*p. What is the units digit of q(-2)?
6
Let y(v) = -v - 9. Let n be y(15). Let a = 25 + n. Suppose -s + 14 + a = 0. What is the units digit of s?
5
Let j(x) = -x**2 + 9*x - 8. Let g be j(8). Suppose a + 94 + 76 = g. What is the tens digit of (6/(-15))/(2/a)?
3
Suppose -3*c - 4*a + 2866 = 0, 5*c + 2*a - 2870 = 2*c. What is the units digit of c?
8
Suppose -386 = -7*w + 1455. What is the hundreds digit of w?
2
Let f(g) = g**2 + 22*g + 95. What is the tens digit of f(-43)?
9
Let p be -22*3/(-6) - 4. Let r be (1 - p)*(-6 + 9). What is the units digit of 5054/63 - (-4)/r?
0
Let g be (-40)/6*3/(-4). Suppose g*x - 275 = -p, -6*x + 5*x = -p + 245. What is the tens digit of p?
5
Suppose 3*v + 0*y - 1786 = 5*y, v - 586 = 4*y. What is the units digit of v?
2
Suppose 9*i = 17*i - 32. Suppose -o - i*z = -2*z - 61, -o + 64 = 5*z. What is the units digit of o?
9
What is the hundreds digit of (312/10)/((51/90)/17)?
9
Suppose 94*c = 91*c + 516. What is the tens digit of c?
7
Let i(k) be the second derivative of -k**3 - 2*k**2 - 10*k. Let s be 10/(-2) - (-1 - -2). What is the units digit of i(s)?
2
Suppose 2*u - 4*a = 4, -8*u - 4*a + 8 = -4*u. Suppose 0 = u*b - 21 - 141. What is the units digit of b?
1
Suppose 0*s + 3*s + 2 = 2*p, 0 = 5*s - 5*p + 10. Suppose -3*u + 5*a = -278, -2*u - u + 275 = -s*a. What is the units digit of u?
1
Let r(v) = -29*v - 7. Let q be r(-5). Suppose 223 = -8*g - 489. Let l = g + q. What is the units digit of l?
9
Let v = -302 - -2683. What is the tens digit of v?
8
What is the tens digit of (19145/(-15) + 1)*30/(-20)?
1
Let i(n) = -n**3 + 18*n**2 + 37*n - 33. What is the tens digit of i(18)?
3
Let z(a) = 5*a + 75. Let y be z(-7). Let t = 45 + -64. Let n = y + t. What is the units digit of n?
1
Let c = -13 + 18. Let f = 4 - c. What is the units digit of f*3/9*-6?
2
Let m = -2 + 214. Suppose -2*q - m = -3*u, 0*q - 324 = -5*u - 4*q. Suppose 2*z - 6*z - u = -3*y, z - 4 = 0. What is the tens digit of y?
2
Let p = -218 - -4446. What is the units digit of p?
8
Suppose 47 = 5*d - 63. Let s = -14 + d. What is the units digit of s?
8
Let d(o) = 434*o**2 - 5*o + 6. What is the units digit of d(1)?
5
Suppose 2*l + 57*o - 62*o = 6848, l + 5*o = 3454. What is the units digit of l?
4
Let h be 6 + -7 + 4/(4/3). Suppose h*q - 510 = -122. What is the tens digit of q?
9
Suppose -8*a - 13845 = -21*a. What is the tens digit of a?
6
Suppose y + 4*y = 3*i + 147, -4*y + 116 = -4*i. Let g = -18 + y. Suppose 0 = -j + 4, 3*n = 4*j + 20 + g. What is the tens digit of n?
1
Let t(r) = r**2 + 3*r + 2. Let l be t(-3). Let n be l - (-2 + (1 - 0)). Suppose 88 = n*p + p. What is the tens digit of p?
2
Let c = 284 - -443. What is the units digit of c?
7
What is the hundreds digit of ((-7360)/(-3))/1 - 20/60?
4
Suppose 4*m - 10094 = c + 6636, 3*m = -4*c + 12557. What is the thousands digit of m?
4
What is the hundreds digit of (331 - -9) + (-4)/(2/(-1))?
3
Let t be -10*(7/(-2) - -3). Let l(q) = 6*q**2 + 3*q**3 + 6*q + q**3 - t*q**3. What is the units digit of l(6)?
6
Suppose 5*x = -5, -j + 0*j - x + 1 = 0. Suppose j*s - 4 = 8. Suppose u - s*u + 10 = 0, -4*d + u + 34 = 0. What is the units digit of d?
9
Suppose 0 = g - 4 + 9. What is the tens digit of 8/(-4)*24*g?
4
Suppose 0 = 5*d - 5*p - 110, -23 - 111 = -5*d - p. Let h = -13 + d. Suppose -5*x + h*x = 216. What is the tens digit of x?
2
Suppose 4*m + 16911 = 5*l, -1 = -0*m - m. What is the thousands digit of l?
3
Let q = 541 + -470. What is the tens digit of q?
7
Let m = 284 - -98. What is the hundreds digit of m?
3
Suppose 0 = -15*b + 17*b - 1090. What is the tens digit of b?
4
Let h(l) = -3*l**2 - 5*l + 14. Let g(n) = -7*n**2 - 9*n + 29. Let d(u) = 2*g(u) - 5*h(u). What is the hundreds digit of d(-15)?
1
Let q(i) = 128*i + 4. Let j be q(-2). Let x = j - -513. What is the hundreds digit of x?
2
Suppose -4*i - f = 1452, 3*f + 42 - 754 = 2*i. Let v = -253 - i. What is the units digit of v?
9
Let h(o) = 3*o + 36. What is the units digit of h(-5)?
1
Suppose -5*d - 5*j = -2760, 0*d - d + 5*j + 570 = 0. What is the tens digit of d?
5
Suppose -f = -4*w - 30, 5*f - 2*w - 24 = 4*f. Let g be f/15*10/(-4). Let j = -2 - g. What is the units digit of j?
1
Suppose -4*q = 3*j - 123, 3*q - 3*j = 82 + 26. Suppose -4*g = -5*g + 3. Let x = q - g. What is the units digit of x?
0
Suppose 5*k + 95 = 5*i, -2*i - 2*k + 32 = -k. Let l = i - 11. Suppose l*u - 3*u = 36. What is the units digit of u?
2
Let m(j) = -j**2 + 2*j + 5. Let i be m(3). Suppose 105 = 3*f - 2*v, -3*f - i*f + 2*v = -179. What is the units digit of f?
7
Let o be 196/42 + (-2)/3. Suppose 0*f = -o*f. Let l = 13 - f. What is the tens digit of l?
1
Suppose -14*t = -10*t - 20. Suppose 137 = t*p - 263. What is the tens digit of p?
8
Let j = 1184 - 345. What is the tens digit of j?
3
Suppose 0 = -6*m + 3*m + 411. Let j = m + -85. What is the tens digit of j?
5
Let n(x) = -x**3 + 9*x**2 + 7*x + 35. What is the units digit of n(-8)?
7
Let t(g) be the first derivative of -14*g**2 - 3*g - 6. Let l be t(-5). Suppose 3*s = 2*f - 3*f + 108, -f = -4*s + l. What is the units digit of s?
5
Let l = -26 - -37. Let p = -17 + l. What is the tens digit of -3*32/p + 3?
1
Let o = -32 + 32. Suppose o = -4*r - 3*c + 301, 5*c + 29 = 4. What is the units digit of r?
9
What is the tens digit of 7*26/(-1729) + (-31998)/(-19)?
8
Suppose 4*x + 4*u - 52 = 0, -3*x - 2*u + 40 = 2*u. What is the units digit of 2 - ((-27)/x)/((-1)/(-4))?
1
Let d(q) be the third derivative of q**4/24 - 3*q**3/2 - q**2. What is the units digit of d(13)?
4
Let f be 20/(-15)*(-21)/2. Let n(v) = -v**3 + 14*v**2 + 2*v + 6. What is the units digit of n(f)?
4
What is the units digit of 981351/693 + 2/(-22)?
6
Suppose 64 = g - 8. Suppose -3*i = -93 - g. Suppose -2*r - 5*h = -i, -170 = -4*r + h - 49. What is the tens digit of r?
3
Let k(d) = -6 - 2*d**2 + 3*d**2 - 1 + 0 - 4*d. Let x be k(7). Let v(j) = 3*j - 20. What is the units digit of v(x)?
2
Suppose 0 = -35*g + 29*g + 7662. What is the units digit of g?
7
Let o = -10 - -10. Suppose 2*g + g + 12 = o. What is the units digit of (1 + 35)*(-2)/g?
8
Let d(z) = -z**2 + 15*z + 4. Let q be d(15). Suppose -g - 63 = -q*g. What is the tens digit of g?
2
Let d(r) = -5*r**3 - 5*r**2 + 15*r + 1. What is the units digit of d(-4)?
1
Let q = 97 + -87. Let u(b) = b**3 - 6*b**2 - 15*b - 7. What is the units digit of u(q)?
3
Suppose 180 = 4*c - 5*s, 3*c - 44 = 3*s + 94. Suppose -n = -3*w - 0*n + 164, 0 = -w - 2*n + c. What is the tens digit of w?
5
Let t(f) = -28*f + 6. Let y be t(-6). Let w(d) = 24*d + 24. Let p be w(4). Let h = y - p. What is the tens digit of h?
5
Let k(p) = 50*p**2 + 3. Suppose -8*a + 7 = -9. What is the tens digit of k(a)?
0
Suppose 4*q = 10385 - 3581. What is the units digit of q?
1
Let z(k) = 579*k + 17. Let g be z(-3). What is the units digit of (g/(-60))/(2/3)?
3
What is the units digit of (-57)/2*(-598)/69?
7
Suppose 3*j - 5*w - 2414 = 0, 12*w - 1608 = -2*j + 16*w. What is the hundreds digit of j?
8
Suppose -w - 3*p = 19 + 38, 5*p + 15 = 0. What is the tens digit of ((-16)/(-3))/(3 + 140/w)?
6
Suppose l = -3*v + 2516, 8